ors of 4705658?
2, 53, 103, 431
What are the prime factors of 850078?
2, 425039
List the prime factors of 1976090.
2, 5, 197609
List the prime factors of 1362674.
2, 681337
What are the prime factors of 1749215?
5, 13, 17, 1583
What are the prime factors of 8788538?
2, 11, 83, 4813
List the prime factors of 203251.
23, 8837
List the prime factors of 109066.
2, 23, 2371
List the prime factors of 1404224.
2, 37, 593
List the prime factors of 1222835.
5, 244567
What are the prime factors of 4285295?
5, 7, 17491
What are the prime factors of 30636980?
2, 5, 11, 157, 887
List the prime factors of 538978.
2, 11, 24499
What are the prime factors of 85307?
23, 3709
List the prime factors of 903304.
2, 112913
What are the prime factors of 86556?
2, 3, 7213
List the prime factors of 679667.
47, 14461
What are the prime factors of 245736?
2, 3, 3413
What are the prime factors of 654819?
3, 11, 19843
List the prime factors of 11630802.
2, 3, 37, 52391
What are the prime factors of 913928?
2, 23, 4967
List the prime factors of 1002571.
31, 32341
List the prime factors of 10640755.
5, 347, 6133
What are the prime factors of 256131?
3, 149, 191
What are the prime factors of 14329?
7, 23, 89
List the prime factors of 461201.
13, 2729
List the prime factors of 50126.
2, 71, 353
List the prime factors of 1972367.
43, 45869
What are the prime factors of 91948?
2, 127, 181
List the prime factors of 18478441.
18478441
List the prime factors of 141365.
5, 7, 577
List the prime factors of 2174785.
5, 434957
What are the prime factors of 84569?
19, 4451
List the prime factors of 591494.
2, 89, 3323
List the prime factors of 385244.
2, 19, 37, 137
List the prime factors of 862248.
2, 3, 37, 971
What are the prime factors of 576674?
2, 7, 17, 2423
What are the prime factors of 18213033?
3, 23, 263957
List the prime factors of 37647.
3, 47, 89
List the prime factors of 103737.
3, 151, 229
List the prime factors of 705606.
2, 3, 11, 10691
What are the prime factors of 15867803?
7, 2266829
What are the prime factors of 3650708?
2, 131, 6967
What are the prime factors of 280485?
3, 5, 23, 271
List the prime factors of 22719728.
2, 97, 14639
List the prime factors of 17489519.
19, 43, 21407
List the prime factors of 10302964.
2, 7, 47, 7829
What are the prime factors of 735473?
735473
What are the prime factors of 2406345?
3, 5, 160423
What are the prime factors of 7859823?
3, 41, 63901
What are the prime factors of 1392617?
631, 2207
List the prime factors of 146018.
2, 73009
List the prime factors of 12925529.
19, 680291
What are the prime factors of 7802586?
2, 3, 11, 157, 251
What are the prime factors of 399844?
2, 99961
What are the prime factors of 253588?
2, 63397
What are the prime factors of 102094?
2, 51047
What are the prime factors of 780038?
2, 7, 55717
What are the prime factors of 200777?
41, 59, 83
List the prime factors of 19926.
2, 3, 41
What are the prime factors of 271535?
5, 11, 4937
List the prime factors of 300678.
2, 3, 7, 7159
List the prime factors of 15685358.
2, 13, 603283
List the prime factors of 7550381.
7550381
List the prime factors of 10126.
2, 61, 83
List the prime factors of 1382756.
2, 345689
What are the prime factors of 271696?
2, 16981
List the prime factors of 4694839.
17, 29, 89, 107
List the prime factors of 5638880.
2, 5, 13, 2711
What are the prime factors of 34672963?
13, 233, 11447
List the prime factors of 190395.
3, 5, 4231
What are the prime factors of 596744?
2, 97, 769
List the prime factors of 261860.
2, 5, 13093
List the prime factors of 52596.
2, 3, 487
What are the prime factors of 5498093?
1723, 3191
What are the prime factors of 2006208?
2, 3, 43
List the prime factors of 6620135.
5, 827, 1601
List the prime factors of 880900.
2, 5, 23, 383
List the prime factors of 90889.
97, 937
List the prime factors of 2293593.
3, 37, 20663
What are the prime factors of 4880614?
2, 179, 13633
List the prime factors of 28945969.
13, 2226613
What are the prime factors of 930208?
2, 41, 709
List the prime factors of 31938.
2, 3, 5323
List the prime factors of 15957.
3, 197
List the prime factors of 590197.
19, 31063
List the prime factors of 89832.
2, 3, 19, 197
List the prime factors of 3773694.
2, 3, 17, 36997
List the prime factors of 11372117.
11372117
List the prime factors of 39644.
2, 11, 17, 53
List the prime factors of 15388204.
2, 13, 541, 547
List the prime factors of 1141148.
2, 285287
What are the prime factors of 33936232?
2, 11, 385639
List the prime factors of 12717544.
2, 7, 29, 41, 191
What are the prime factors of 19115310?
2, 3, 5, 17, 37, 1013
List the prime factors of 1543732.
2, 41, 9413
List the prime factors of 278730.
2, 3, 5, 19, 163
List the prime factors of 140676.
2, 3, 19, 617
List the prime factors of 432935.
5, 86587
What are the prime factors of 154101?
3, 31, 1657
What are the prime factors of 1473467?
1473467
What are the prime factors of 2627345?
5, 7, 271, 277
What are the prime factors of 11279?
11279
What are the prime factors of 484252?
2, 121063
What are the prime factors of 2097193?
7, 29, 10331
List the prime factors of 1297222.
2, 491, 1321
List the prime factors of 105590.
2, 5, 10559
List the prime factors of 15636320.
2, 5, 7, 23, 607
List the prime factors of 21495718.
2, 17, 632227
List the prime factors of 21861.
3, 7, 347
List the prime factors of 17806771.
17806771
What are the prime factors of 3938992?
2, 246187
List the prime factors of 772098.
2, 3, 128683
What are the prime factors of 35688147?
3, 11, 541, 1999
What are the prime factors of 3830969?
3830969
List the prime factors of 1410032.
2, 13, 6779
List the prime factors of 1069906.
2, 59, 9067
List the prime factors of 733803.
3, 7, 83, 421
What are the prime factors of 1976129?
1033, 1913
List the prime factors of 370008.
2, 3, 571
What are the prime factors of 156857?
227, 691
List the prime factors of 178016.
2, 5563
List the prime factors of 4809876.
2, 3, 400823
What are the prime factors of 13472245?
5, 17, 353, 449
List the prime factors of 170193.
3, 56731
List the prime factors of 40248.
2, 3, 13, 43
What are the prime factors of 1565496?
2, 3, 17, 1279
What are the prime factors of 299407?
71, 4217
What are the prime factors of 44677?
43, 1039
List the prime factors of 153827.
199, 773
What are the prime factors of 604749?
3, 47, 4289
What are the prime factors of 1953526?
2, 37, 26399
What are the prime factors of 1100577?
3, 366859
List the prime factors of 52913.
7, 7559
What are the prime factors of 6786072?
2, 3, 89, 353
What are the prime factors of 733433?
733433
List the prime factors of 3791867.
17, 223051
List the prime factors of 2107091.
7, 301013
List the prime factors of 314204.
2, 11, 37, 193
List the prime factors of 661352.
2, 19, 229
What are the prime factors of 3012270?
2, 3, 5, 31, 41, 79
What are the prime factors of 14363734?
2, 7, 11, 19, 4909
What are the prime factors of 369637?
369637
List the prime factors of 4305493.
1741, 2473
What are the prime factors of 729911?
7, 13, 617
What are the prime factors of 12824068?
2, 67, 109, 439
What are the prime factors of 16022321?
7, 61, 157, 239
What are the prime factors of 9939?
3, 3313
List the prime factors of 9586602.
2, 3, 19, 28031
What are the prime factors of 2197962?
2, 3, 13, 31, 101
What are the prime factors of 177994?
2, 88997
List the prime factors of 2026430.
2, 5, 7, 28949
What are the prime factors of 40499202?
2, 3, 17, 397051
What are the prime factors of 331411?
181, 1831
What are the prime factors of 507696?
2, 3, 7, 1511
List the prime factors of 1170259.
107, 10937
List the prime factors of 660990.
2, 3, 5, 11, 2003
List the prime factors of 1486254.
2, 3, 7, 11, 3217
What are the prime factors of 5172417?
3, 63857
What are the prime factors of 288005?
5, 57601
What are the prime factors of 6062890?
2, 5, 383, 1583
What are the prime factors of 1179709?
443, 2663
List the prime factors of 173371.
11, 15761
List the prime factors of 108032.
2, 211
List the prime factors of 942034.
2, 23, 20479
List the prime factors of 40163.
40163
What are the prime factors of 3295953?
3, 366217
What are the prime factors of 412490?
2, 5, 13, 19, 167
What are the prime factors of 136419?
3, 37, 1229
List the prime factors of 4650